100011001001?
-111001000100011000101
In base 2, what is 111010 - 11001011000001011?
-11001010111010001
In base 5, what is 10100 - -341212?
401312
In base 2, what is -1000110 + -1010111110101010100011?
-1010111110101011101001
In base 6, what is 4105 - 41552?
-33443
In base 14, what is 255 - -123ab1?
123d26
In base 16, what is -11 - 37f1b?
-37f2c
In base 16, what is -3a + -b2c8?
-b302
In base 2, what is -1010110111001 + 101001?
-1010110010000
In base 4, what is 11233112 + 1021120?
12320232
In base 11, what is 112a31 - 588?
112454
In base 12, what is -62 - 189961?
-189a03
In base 13, what is 4bca2 - 93?
4bc0c
In base 9, what is 10 + 170621?
170631
In base 10, what is -137571 - 1672?
-139243
In base 7, what is 2 - -14610355?
14610360
In base 15, what is -3 - -1d7165ad?
1d7165aa
In base 6, what is 44011405 - 12?
44011353
In base 11, what is 208 - -91001?
91209
In base 5, what is 300012 - -3200?
303212
In base 5, what is -13 - 433114302?
-433114320
In base 11, what is -a472 - 1a40?
-11402
In base 4, what is 32122102002011 - 11?
32122102002000
In base 8, what is -1720 - 27576?
-31516
In base 12, what is -2928589b + 4?
-29285897
In base 16, what is 5 + -1ad7aee6?
-1ad7aee1
In base 6, what is 3 - -2500401523?
2500401530
In base 6, what is -4113013244 + 0?
-4113013244
In base 11, what is 5 - a7858455?
-a7858450
In base 2, what is -100 + -10010011111011110111110110?
-10010011111011110111111010
In base 3, what is 2122000 + 22122010221?
22201202221
In base 2, what is -1000110 + 110001101101110?
110001100101000
In base 10, what is -3195839 + -15?
-3195854
In base 10, what is -6432 + -11350?
-17782
In base 4, what is 22 - -1313002110?
1313002132
In base 6, what is -5 + -2432032231?
-2432032240
In base 7, what is -56050306 + 41?
-56050235
In base 8, what is -770 - 1146140?
-1147130
In base 4, what is -33103303 + 2122?
-33101121
In base 13, what is a05 - 11470?
-10768
In base 12, what is -192512 - 4?
-192516
In base 11, what is 10 - -342395?
3423a5
In base 12, what is -13003b - 250?
-13028b
In base 2, what is -11000011001101 - 11111010?
-11000111000111
In base 14, what is 2bd690 - -5?
2bd695
In base 11, what is 1737a + 414?
17793
In base 5, what is 23 - 12314123?
-12314100
In base 9, what is -151136 + -53?
-151200
In base 16, what is -533cd5 - -3?
-533cd2
In base 11, what is 10 - -1584?
1594
In base 11, what is 304 - 8a922?
-8a619
In base 4, what is -13200222 + -3220?
-13210102
In base 4, what is -23 - -2311330130003?
2311330123320
In base 5, what is -322131 - -2012100?
1134414
In base 9, what is 476676 - 130?
476546
In base 7, what is 35 + -3122426?
-3122361
In base 6, what is -1033 + 325450?
324413
In base 9, what is -386 - 148425?
-148822
In base 3, what is -22022020201120 - -2?
-22022020201111
In base 2, what is 111011011110001110110010 - 10?
111011011110001110110000
In base 12, what is -1251 + 14415?
13184
In base 16, what is -d - 1069e6?
-1069f3
In base 14, what is 8c2540 + -13d?
8c2401
In base 14, what is 1 - 18d3aaa4?
-18d3aaa3
In base 3, what is -2212022 - 10222200?
-20211222
In base 15, what is -1cd7 - -164?
-1b73
In base 7, what is -2211 - 35160?
-40401
In base 13, what is -11aa - 748c?
-8669
In base 12, what is 919 - -73ab?
8108
In base 3, what is 22 - -210010102200022?
210010102200121
In base 10, what is -669126 + -15?
-669141
In base 10, what is -23094 - 3992?
-27086
In base 4, what is -123322230 - 12320?
-130001210
In base 9, what is -46257 + 1124?
-45133
In base 9, what is -1530427 - 5?
-1530433
In base 10, what is -18840 - 1475?
-20315
In base 9, what is -47740347 - 3?
-47740351
In base 8, what is 11775 - 10754?
1021
In base 4, what is 10301320113 - 201?
10301313312
In base 5, what is -2402231 - 122311?
-3030042
In base 11, what is 368585 - -1a?
3685a4
In base 12, what is 750 + -4826?
-4096
In base 14, what is 4 + -2ac693a?
-2ac6936
In base 3, what is 12221211122011 + 1?
12221211122012
In base 11, what is -1214 - 4492?
-56a6
In base 13, what is 2 + -1198507?
-1198505
In base 3, what is 12112110210022 + 0?
12112110210022
In base 12, what is -3a044b - 3b5?
-3a0844
In base 8, what is 520 + -152714?
-152174
In base 14, what is 4 + -187b9c?
-187b98
In base 11, what is -5291a97 + -5?
-5291aa1
In base 13, what is 5 - -22cc75a?
22cc762
In base 4, what is -13001110202 - 3?
-13001110211
In base 13, what is 501c9 - 66?
50163
In base 3, what is -11112202001020 - 210222?
-11112202212012
In base 11, what is -709 - 111?
-81a
In base 13, what is 139 + 3908b?
391c7
In base 12, what is -77169b4 - -4?
-77169b0
In base 9, what is 162 - 220320?
-220147
In base 9, what is -37751 - -4263?
-33477
In base 10, what is 10258 + 1514?
11772
In base 16, what is -44e5d2 - 4?
-44e5d6
In base 16, what is -226 + -4449?
-466f
In base 6, what is 3001100 + 223?
3001323
In base 4, what is 123222112033 + 0?
123222112033
In base 6, what is -20011512535 - -4?
-20011512531
In base 12, what is -31620a + -8?
-316216
In base 5, what is -4 + -12010442323?
-12010442332
In base 12, what is 0 - 141b7a?
-141b7a
In base 4, what is -30 + 1323212123?
1323212033
In base 16, what is -7e29 + 25c5?
-5864
In base 2, what is -1110010100101010010 - 101001111?
-1110010101010100001
In base 12, what is 1bbb - 11a132?
-118133
In base 11, what is -9 - -116a2702?
116a26a4
In base 5, what is 202 - -2332440434?
2332441141
In base 14, what is -5 + -64bbd14?
-64bbd19
In base 15, what is 15ee2 + 226?
16218
In base 8, what is -12556 + 2303?
-10253
In base 6, what is 404 - 35103253?
-35102445
In base 16, what is -e613 - 6fa?
-ed0d
In base 4, what is 33 - 3113123112?
-3113123013
In base 13, what is b6317 - -a?
b6324
In base 7, what is 231 + -1245164?
-1244633
In base 2, what is -100001001110101110111110001 + -110?
-100001001110101110111110111
In base 7, what is 1020 + 10231205?
10232225
In base 15, what is 5a + 118bd1?
118c3b
In base 6, what is 42 + 3120200?
3120242
In base 9, what is 1746614 - 281?
1746323
In base 11, what is -5 - 18570215?
-1857021a
In base 5, what is -1312310013 + 332?
-1312304131
In base 3, what is 2220021101 + 21012?
2220112120
In base 16, what is -c42 + -4d4?
-1116
In base 11, what is -144 + 21072?
20a29
In base 14, what is -cadb722 - -1?
-cadb721
In base 5, what is -232 + 30402222012?
30402221230
In base 4, what is -213001201031 - -2?
-213001201023
In base 2, what is 10010 + -101011010010111000?
-101011010010100110
In base 11, what is 4 - 35784636?
-35784632
In base 14, what is d - -b77c2?
b77d1
In base 7, what is 110664624 + -36?
110664555
In base 15, what is 2 + 782a45?
782a47
In base 9, what is -670 - -8154?
7374
In base 9, what is -1563383 - -3?
-1563380
In base 15, what is -19e + -1416?
-15b5
In base 2, what is 1100010100 + -101110000010101?
-101100100000001
In base 15, what is -145bb + -2b?
-145e7
In base 7, what is 1133003131 + 0?
1133003131
In base 12, what is 4 + -34aa717?
-34aa713
In base 5, what is -12322402 + -44030?
-12421432
In base 8, what is 6236216 + -565?
6235431
In base 3, what is -2001000222 - -100200112?
-1200100110
In base 7, what is 2556003250 - 0?
2556003250
In base 11, what is 2877493a + -2?
28774938
In base 11, what is 1a2a844 + -3?
1a2a841
In base 10, what is 2514715 - -48?
2514763
In base 10, what is 99433688 - 2?
99433686
In base 11, what is -10403a256 - -3?
-10403a253
In base 15, what is -a4655d + -1?
-a4655e
In base 13, what is -3b7 + -90a5b?
-91145
In base 2, what is -100100110011010100 + -101111?
-100100110100000011
In base 15, what is 51 + c7b64?
c7bb5
In base 9, what is -164403 + -31?
-164434
In base 16, what is 4e - -780b4?
78102
In base 9, what is -43 + 13180241?
13180187
In base 8, what is 11260 + 11530?
23010
In base 16, what is -43a6e7 + -3?
-43a6ea
In base 11, what is -1061834 - 0?
-1061834
In base 13, what is -831323 - 0?
-831323
In base 11, what is 9543 + -33288?
-24845
In base 13, what is a47a64 - -153?
a47bb7
In base 15, what is 140 - -2a2224?
2a2364
In base 6, what is 4220 + 211515?
220135
In base 14, what is 1a - 99a48?
-99a2c
In base 5, what is 1441230403 - -30?
1441230433
In base 9, what is -444 + -360086?
-360541
In base 2, what is -10110011110011011101111010 + -111?
-10110011110011011110000001
In base 13, what is -2 + 103114b6?
103114b4
In base 16, what is -7360ea3 - -3?
-7360ea0
In base 6, what is 310440022 - -4?
310440030
In base 13, w